{"id":16472,"date":"2025-07-03T14:03:17","date_gmt":"2025-07-03T12:03:17","guid":{"rendered":"https:\/\/skipass.alpedhuez.com\/ete\/?page_id=16472"},"modified":"2025-07-04T16:42:50","modified_gmt":"2025-07-04T14:42:50","slug":"offre-speciale-cse","status":"publish","type":"page","link":"https:\/\/skipass.alpedhuez.com\/ete\/offre-speciale-cse\/","title":{"rendered":"Offre sp\u00e9ciale CSE"},"content":{"rendered":"\t\t<div data-elementor-type=\"wp-page\" data-elementor-id=\"16472\" class=\"elementor elementor-16472\" data-elementor-post-type=\"page\">\n\t\t\t\t<div data-particle_enable=\"false\" data-particle-mobile-disabled=\"false\" class=\"elementor-element elementor-element-3aec0e0 e-flex e-con-boxed e-con e-parent\" data-id=\"3aec0e0\" data-element_type=\"container\">\n\t\t\t\t\t<div class=\"e-con-inner\">\n\t\t<div data-particle_enable=\"false\" data-particle-mobile-disabled=\"false\" class=\"elementor-element elementor-element-7775fd5 e-con-full e-flex e-con e-child\" data-id=\"7775fd5\" data-element_type=\"container\">\n\t\t\t\t<div class=\"elementor-element elementor-element-1b2edca elementor-widget elementor-widget-image\" data-id=\"1b2edca\" data-element_type=\"widget\" data-widget_type=\"image.default\">\n\t\t\t\t<div class=\"elementor-widget-container\">\n\t\t\t\t\t\t\t\t\t\t\t\t\t\t\t<img loading=\"lazy\" decoding=\"async\" width=\"624\" height=\"416\" src=\"https:\/\/skipass.alpedhuez.com\/ete\/wp-content\/uploads\/sites\/11\/2025\/05\/sommets-oisans.jpg\" class=\"attachment-large size-large wp-image-15307\" alt=\"\" srcset=\"https:\/\/skipass.alpedhuez.com\/ete\/wp-content\/uploads\/sites\/11\/2025\/05\/sommets-oisans.jpg 624w, https:\/\/skipass.alpedhuez.com\/ete\/wp-content\/uploads\/sites\/11\/2025\/05\/sommets-oisans-300x200.jpg 300w\" sizes=\"auto, (max-width: 624px) 100vw, 624px\" \/>\t\t\t\t\t\t\t\t\t\t\t\t\t\t\t<\/div>\n\t\t\t\t<\/div>\n\t\t\t\t<\/div>\n\t\t<div data-particle_enable=\"false\" data-particle-mobile-disabled=\"false\" class=\"elementor-element elementor-element-6862cc0 e-con-full e-flex e-con e-child\" data-id=\"6862cc0\" data-element_type=\"container\">\n\t\t\t\t<div class=\"elementor-element elementor-element-6289242 elementor-widget elementor-widget-text-editor\" data-id=\"6289242\" data-element_type=\"widget\" data-widget_type=\"text-editor.default\">\n\t\t\t\t<div class=\"elementor-widget-container\">\n\t\t\t\t\t\t\t\t\t<p>Votre journ\u00e9e \u00e0 la montagne \u00e0 tarif pr\u00e9f\u00e9rentiel<\/p>\t\t\t\t\t\t\t\t<\/div>\n\t\t\t\t<\/div>\n\t\t\t\t<div class=\"elementor-element elementor-element-4d218e8 elementor-widget elementor-widget-text-editor\" data-id=\"4d218e8\" data-element_type=\"widget\" data-widget_type=\"text-editor.default\">\n\t\t\t\t<div class=\"elementor-widget-container\">\n\t\t\t\t\t\t\t\t\t<p><strong>Comment acc\u00e9der \u00e0 l&rsquo;offre ?<\/strong><\/p><ul><li>Demandez votre mot de passe \u00e0 votre CSE<\/li><li>Renseignez le nom de votre CSE<\/li><li>Connectez vous et b\u00e9n\u00e9ficiez de l&rsquo;offre<\/li><\/ul>\t\t\t\t\t\t\t\t<\/div>\n\t\t\t\t<\/div>\n\t\t\t\t<div class=\"elementor-element elementor-element-6a05b88 elementor-widget elementor-widget-programme-connexion\" data-id=\"6a05b88\" data-element_type=\"widget\" data-widget_type=\"programme-connexion.default\">\n\t\t\t\t<div class=\"elementor-widget-container\">\n\t\t\t\t\t\t\t<div>\r\n\t\t\t\t\t\t<programme-connexion-element \r\n\t\t\t\tclass=\"ete \" \r\n\t\t\t\tidModule=\"\" \r\n\t\t\t\tportail=\"8\" \r\n\t\t\t\tco=\"200\" \r\n\t\t\t\tdomaineName=\"https:\/\/service.alpedhuez.com\/\" \r\n\t\t\t\tlangue=\"FR\"\r\n\t\t\t\tversion=\"\"\r\n\t\t\t\tprogrammeId=\"\"\r\n\t\t\t\tprogrammeType=\"9\"\r\n\t\t\t\tredirectUrl=\"\"\r\n\t\t\t\t\t\t\t\tinput-filter\t\t\t\t>\r\n\t\t\t<\/programme-connexion-element>\r\n\t\t<\/div>\r\n\t\t\t\t\t\t<\/div>\n\t\t\t\t<\/div>\n\t\t\t\t<\/div>\n\t\t\t\t\t<\/div>\n\t\t\t\t<\/div>\n\t\t<div data-particle_enable=\"false\" data-particle-mobile-disabled=\"false\" class=\"elementor-element elementor-element-27fecd7 e-flex e-con-boxed e-con e-parent\" data-id=\"27fecd7\" data-element_type=\"container\">\n\t\t\t\t\t<div class=\"e-con-inner\">\n\t\t\t\t<div class=\"elementor-element elementor-element-37dba9c elementor-widget elementor-widget-eael-adv-accordion\" data-id=\"37dba9c\" data-element_type=\"widget\" data-widget_type=\"eael-adv-accordion.default\">\n\t\t\t\t<div class=\"elementor-widget-container\">\n\t\t\t\t\t        <div class=\"eael-adv-accordion\" id=\"eael-adv-accordion-37dba9c\" data-scroll-on-click=\"no\" data-scroll-speed=\"300\" data-accordion-id=\"37dba9c\" data-accordion-type=\"accordion\" data-toogle-speed=\"300\">\n    <div class=\"eael-accordion-list\">\n                <div id=\"vous-ne-trouvez-pas-le-nom-de-votre-cse-\" class=\"elementor-tab-title eael-accordion-header\" tabindex=\"0\" data-tab=\"1\" aria-controls=\"elementor-tab-content-5851\"><span class=\"eael-advanced-accordion-icon-closed\"><i aria-hidden=\"true\" class=\"fa-accordion-icon fas fa-chevron-right\"><\/i><\/span><span class=\"eael-advanced-accordion-icon-opened\"><i aria-hidden=\"true\" class=\"fa-accordion-icon fas fa-chevron-down\"><\/i><\/span><span class=\"eael-accordion-tab-title\">Vous ne trouvez pas le nom de votre CSE ?<\/span><\/div><div id=\"elementor-tab-content-5851\" class=\"eael-accordion-content clearfix\" data-tab=\"1\" aria-labelledby=\"vous-ne-trouvez-pas-le-nom-de-votre-cse-\"><\/div>\n                <\/div><\/div>\t\t\t\t<\/div>\n\t\t\t\t<\/div>\n\t\t\t\t\t<\/div>\n\t\t\t\t<\/div>\n\t\t<div data-particle_enable=\"false\" data-particle-mobile-disabled=\"false\" class=\"elementor-element elementor-element-6f6815b e-flex e-con-boxed e-con e-parent\" data-id=\"6f6815b\" data-element_type=\"container\">\n\t\t\t\t\t<div class=\"e-con-inner\">\n\t\t\t\t<div class=\"elementor-element elementor-element-79283b2 elementor-align-center elementor-widget elementor-widget-button\" data-id=\"79283b2\" data-element_type=\"widget\" data-widget_type=\"button.default\">\n\t\t\t\t<div class=\"elementor-widget-container\">\n\t\t\t\t\t\t\t\t\t<div class=\"elementor-button-wrapper\">\n\t\t\t\t\t<a class=\"elementor-button elementor-button-link elementor-size-sm\" href=\"https:\/\/www.alpedhuezvacances.com\/\" target=\"_blank\">\n\t\t\t\t\t\t<span class=\"elementor-button-content-wrapper\">\n\t\t\t\t\t\t\t\t\t<span class=\"elementor-button-text\">Envie d'un s\u00e9jour \u00e0 l'Alpe d'Huez ?<\/span>\n\t\t\t\t\t<\/span>\n\t\t\t\t\t<\/a>\n\t\t\t\t<\/div>\n\t\t\t\t\t\t\t\t<\/div>\n\t\t\t\t<\/div>\n\t\t\t\t<div class=\"elementor-element elementor-element-45a9b4a elementor-arrows-position-outside elementor-widget elementor-widget-image-carousel\" data-id=\"45a9b4a\" data-element_type=\"widget\" data-settings=\"{&quot;slides_to_show&quot;:&quot;4&quot;,&quot;navigation&quot;:&quot;arrows&quot;,&quot;autoplay&quot;:&quot;yes&quot;,&quot;pause_on_hover&quot;:&quot;yes&quot;,&quot;pause_on_interaction&quot;:&quot;yes&quot;,&quot;autoplay_speed&quot;:5000,&quot;infinite&quot;:&quot;yes&quot;,&quot;speed&quot;:500,&quot;image_spacing_custom&quot;:{&quot;unit&quot;:&quot;px&quot;,&quot;size&quot;:20,&quot;sizes&quot;:[]},&quot;image_spacing_custom_tablet&quot;:{&quot;unit&quot;:&quot;px&quot;,&quot;size&quot;:&quot;&quot;,&quot;sizes&quot;:[]},&quot;image_spacing_custom_mobile&quot;:{&quot;unit&quot;:&quot;px&quot;,&quot;size&quot;:&quot;&quot;,&quot;sizes&quot;:[]}}\" data-widget_type=\"image-carousel.default\">\n\t\t\t\t<div class=\"elementor-widget-container\">\n\t\t\t\t\t\t\t<div class=\"elementor-image-carousel-wrapper swiper\" role=\"region\" aria-roledescription=\"carousel\" aria-label=\"Carrousel d\u2019images\" dir=\"ltr\">\n\t\t\t<div class=\"elementor-image-carousel swiper-wrapper swiper-image-stretch\" aria-live=\"off\">\n\t\t\t\t\t\t\t\t<div class=\"swiper-slide\" role=\"group\" aria-roledescription=\"slide\" aria-label=\"1 sur 3\"><figure class=\"swiper-slide-inner\"><img decoding=\"async\" class=\"swiper-slide-image\" src=\"https:\/\/skipass.alpedhuez.com\/ete\/wp-content\/uploads\/sites\/11\/2025\/06\/Bike-Park-AH-web3.jpg\" alt=\"Bike Park AH web3\" \/><\/figure><\/div><div class=\"swiper-slide\" role=\"group\" aria-roledescription=\"slide\" aria-label=\"2 sur 3\"><figure class=\"swiper-slide-inner\"><img decoding=\"async\" class=\"swiper-slide-image\" src=\"https:\/\/skipass.alpedhuez.com\/ete\/wp-content\/uploads\/sites\/11\/2025\/06\/Bike-Park-AH-web2.jpg\" alt=\"Bike Park AH web2\" \/><\/figure><\/div><div class=\"swiper-slide\" role=\"group\" aria-roledescription=\"slide\" aria-label=\"3 sur 3\"><figure class=\"swiper-slide-inner\"><img decoding=\"async\" class=\"swiper-slide-image\" src=\"https:\/\/skipass.alpedhuez.com\/ete\/wp-content\/uploads\/sites\/11\/2025\/06\/Bike-Park-AH-web1.jpg\" alt=\"Bike Park AH web1\" \/><\/figure><\/div>\t\t\t<\/div>\n\t\t\t\t\t\t\t\t\t\t\t\t<div class=\"elementor-swiper-button elementor-swiper-button-prev\" role=\"button\" tabindex=\"0\">\n\t\t\t\t\t\t<i aria-hidden=\"true\" class=\"eicon-chevron-left\"><\/i>\t\t\t\t\t<\/div>\n\t\t\t\t\t<div class=\"elementor-swiper-button elementor-swiper-button-next\" role=\"button\" tabindex=\"0\">\n\t\t\t\t\t\t<i aria-hidden=\"true\" class=\"eicon-chevron-right\"><\/i>\t\t\t\t\t<\/div>\n\t\t\t\t\n\t\t\t\t\t\t\t\t\t<\/div>\n\t\t\t\t\t\t<\/div>\n\t\t\t\t<\/div>\n\t\t\t\t\t<\/div>\n\t\t\t\t<\/div>\n\t\t\t\t<\/div>\n\t\t","protected":false},"excerpt":{"rendered":"<p>Votre journ\u00e9e \u00e0 la montagne \u00e0 tarif pr\u00e9f\u00e9rentiel Comment acc\u00e9der \u00e0 l&rsquo;offre ? Demandez votre mot de passe \u00e0 votre CSE Renseignez le nom de votre CSE Connectez vous et b\u00e9n\u00e9ficiez de l&rsquo;offre Vous ne trouvez pas le nom de votre CSE ? Envie d&rsquo;un s\u00e9jour \u00e0 l&rsquo;Alpe d&rsquo;Huez ?<\/p>\n","protected":false},"author":2,"featured_media":0,"parent":0,"menu_order":0,"comment_status":"closed","ping_status":"closed","template":"","meta":{"footnotes":"","_links_to":"","_links_to_target":""},"class_list":["post-16472","page","type-page","status-publish","hentry"],"yoast_head":"<!-- This site is optimized with the Yoast SEO plugin v25.2 - https:\/\/yoast.com\/wordpress\/plugins\/seo\/ -->\n<title>Offre sp\u00e9ciale CSE - Alpe d&#039;Huez - Site Officiel - \u00c9t\u00e9<\/title>\n<meta name=\"robots\" content=\"index, follow, max-snippet:-1, max-image-preview:large, max-video-preview:-1\" \/>\n<link rel=\"canonical\" href=\"https:\/\/skipass.alpedhuez.com\/ete\/offre-speciale-cse\/\" \/>\n<meta property=\"og:locale\" content=\"fr_FR\" \/>\n<meta property=\"og:type\" content=\"article\" \/>\n<meta property=\"og:title\" content=\"Offre sp\u00e9ciale CSE - Alpe d&#039;Huez - Site Officiel - \u00c9t\u00e9\" \/>\n<meta property=\"og:description\" content=\"Votre journ\u00e9e \u00e0 la montagne \u00e0 tarif pr\u00e9f\u00e9rentiel Comment acc\u00e9der \u00e0 l&rsquo;offre ? Demandez votre mot de passe \u00e0 votre CSE Renseignez le nom de votre CSE Connectez vous et b\u00e9n\u00e9ficiez de l&rsquo;offre Vous ne trouvez pas le nom de votre CSE ? Envie d&rsquo;un s\u00e9jour \u00e0 l&rsquo;Alpe d&rsquo;Huez ?\" \/>\n<meta property=\"og:url\" content=\"https:\/\/skipass.alpedhuez.com\/ete\/offre-speciale-cse\/\" \/>\n<meta property=\"og:site_name\" content=\"Alpe d&#039;Huez - Site Officiel - \u00c9t\u00e9\" \/>\n<meta property=\"article:publisher\" content=\"https:\/\/www.facebook.com\/alpe.huez\/\" \/>\n<meta property=\"article:modified_time\" content=\"2025-07-04T14:42:50+00:00\" \/>\n<meta property=\"og:image\" content=\"https:\/\/skipass.alpedhuez.com\/ete\/wp-content\/uploads\/sites\/11\/2025\/05\/sommets-oisans.jpg\" \/>\n\t<meta property=\"og:image:width\" content=\"624\" \/>\n\t<meta property=\"og:image:height\" content=\"416\" \/>\n\t<meta property=\"og:image:type\" content=\"image\/jpeg\" \/>\n<meta name=\"twitter:card\" content=\"summary_large_image\" \/>\n<meta name=\"twitter:site\" content=\"@alpedhuez\" \/>\n<meta name=\"twitter:label1\" content=\"Dur\u00e9e de lecture estim\u00e9e\" \/>\n\t<meta name=\"twitter:data1\" content=\"3 minutes\" \/>\n<script type=\"application\/ld+json\" class=\"yoast-schema-graph\">{\"@context\":\"https:\/\/schema.org\",\"@graph\":[{\"@type\":\"WebPage\",\"@id\":\"https:\/\/skipass.alpedhuez.com\/ete\/offre-speciale-cse\/\",\"url\":\"https:\/\/skipass.alpedhuez.com\/ete\/offre-speciale-cse\/\",\"name\":\"Offre sp\u00e9ciale CSE - Alpe d&#039;Huez - Site Officiel - \u00c9t\u00e9\",\"isPartOf\":{\"@id\":\"https:\/\/skipass.alpedhuez.com\/ete\/#website\"},\"primaryImageOfPage\":{\"@id\":\"https:\/\/skipass.alpedhuez.com\/ete\/offre-speciale-cse\/#primaryimage\"},\"image\":{\"@id\":\"https:\/\/skipass.alpedhuez.com\/ete\/offre-speciale-cse\/#primaryimage\"},\"thumbnailUrl\":\"https:\/\/skipass.alpedhuez.com\/ete\/wp-content\/uploads\/sites\/11\/2025\/05\/sommets-oisans.jpg\",\"datePublished\":\"2025-07-03T12:03:17+00:00\",\"dateModified\":\"2025-07-04T14:42:50+00:00\",\"breadcrumb\":{\"@id\":\"https:\/\/skipass.alpedhuez.com\/ete\/offre-speciale-cse\/#breadcrumb\"},\"inLanguage\":\"fr-FR\",\"potentialAction\":[{\"@type\":\"ReadAction\",\"target\":[\"https:\/\/skipass.alpedhuez.com\/ete\/offre-speciale-cse\/\"]}]},{\"@type\":\"ImageObject\",\"inLanguage\":\"fr-FR\",\"@id\":\"https:\/\/skipass.alpedhuez.com\/ete\/offre-speciale-cse\/#primaryimage\",\"url\":\"https:\/\/skipass.alpedhuez.com\/ete\/wp-content\/uploads\/sites\/11\/2025\/05\/sommets-oisans.jpg\",\"contentUrl\":\"https:\/\/skipass.alpedhuez.com\/ete\/wp-content\/uploads\/sites\/11\/2025\/05\/sommets-oisans.jpg\",\"width\":624,\"height\":416},{\"@type\":\"BreadcrumbList\",\"@id\":\"https:\/\/skipass.alpedhuez.com\/ete\/offre-speciale-cse\/#breadcrumb\",\"itemListElement\":[{\"@type\":\"ListItem\",\"position\":1,\"name\":\"Alpe d'Huez Grand Domaine\",\"item\":\"https:\/\/skipass.alpedhuez.com\/ete\/\"},{\"@type\":\"ListItem\",\"position\":2,\"name\":\"Offre sp\u00e9ciale CSE\"}]},{\"@type\":\"WebSite\",\"@id\":\"https:\/\/skipass.alpedhuez.com\/ete\/#website\",\"url\":\"https:\/\/skipass.alpedhuez.com\/ete\/\",\"name\":\"Alpe d'Huez - Site Officiel - \u00c9t\u00e9\",\"description\":\"Alpe d&#039;Huez - Site Officiel\",\"publisher\":{\"@id\":\"https:\/\/skipass.alpedhuez.com\/ete\/#organization\"},\"potentialAction\":[{\"@type\":\"SearchAction\",\"target\":{\"@type\":\"EntryPoint\",\"urlTemplate\":\"https:\/\/skipass.alpedhuez.com\/ete\/?s={search_term_string}\"},\"query-input\":{\"@type\":\"PropertyValueSpecification\",\"valueRequired\":true,\"valueName\":\"search_term_string\"}}],\"inLanguage\":\"fr-FR\"},{\"@type\":\"Organization\",\"@id\":\"https:\/\/skipass.alpedhuez.com\/ete\/#organization\",\"name\":\"Alpe d'Huez - Site Officiel - \u00c9t\u00e9\",\"url\":\"https:\/\/skipass.alpedhuez.com\/ete\/\",\"logo\":{\"@type\":\"ImageObject\",\"inLanguage\":\"fr-FR\",\"@id\":\"https:\/\/skipass.alpedhuez.com\/ete\/#\/schema\/logo\/image\/\",\"url\":\"https:\/\/skipass.alpedhuez.com\/ete\/wp-content\/uploads\/sites\/11\/2021\/05\/logo-alpe-huez.png\",\"contentUrl\":\"https:\/\/skipass.alpedhuez.com\/ete\/wp-content\/uploads\/sites\/11\/2021\/05\/logo-alpe-huez.png\",\"width\":365,\"height\":124,\"caption\":\"Alpe d'Huez - Site Officiel - \u00c9t\u00e9\"},\"image\":{\"@id\":\"https:\/\/skipass.alpedhuez.com\/ete\/#\/schema\/logo\/image\/\"},\"sameAs\":[\"https:\/\/www.facebook.com\/alpe.huez\/\",\"https:\/\/x.com\/alpedhuez\",\"https:\/\/www.instagram.com\/alpedhuez\/\",\"https:\/\/www.youtube.com\/@ALPEDHUEZOfficiel\/\"]}]}<\/script>\n<!-- \/ Yoast SEO plugin. -->","yoast_head_json":{"title":"Offre sp\u00e9ciale CSE - Alpe d&#039;Huez - Site Officiel - \u00c9t\u00e9","robots":{"index":"index","follow":"follow","max-snippet":"max-snippet:-1","max-image-preview":"max-image-preview:large","max-video-preview":"max-video-preview:-1"},"canonical":"https:\/\/skipass.alpedhuez.com\/ete\/offre-speciale-cse\/","og_locale":"fr_FR","og_type":"article","og_title":"Offre sp\u00e9ciale CSE - Alpe d&#039;Huez - Site Officiel - \u00c9t\u00e9","og_description":"Votre journ\u00e9e \u00e0 la montagne \u00e0 tarif pr\u00e9f\u00e9rentiel Comment acc\u00e9der \u00e0 l&rsquo;offre ? Demandez votre mot de passe \u00e0 votre CSE Renseignez le nom de votre CSE Connectez vous et b\u00e9n\u00e9ficiez de l&rsquo;offre Vous ne trouvez pas le nom de votre CSE ? Envie d&rsquo;un s\u00e9jour \u00e0 l&rsquo;Alpe d&rsquo;Huez ?","og_url":"https:\/\/skipass.alpedhuez.com\/ete\/offre-speciale-cse\/","og_site_name":"Alpe d&#039;Huez - Site Officiel - \u00c9t\u00e9","article_publisher":"https:\/\/www.facebook.com\/alpe.huez\/","article_modified_time":"2025-07-04T14:42:50+00:00","og_image":[{"width":624,"height":416,"url":"https:\/\/skipass.alpedhuez.com\/ete\/wp-content\/uploads\/sites\/11\/2025\/05\/sommets-oisans.jpg","type":"image\/jpeg"}],"twitter_card":"summary_large_image","twitter_site":"@alpedhuez","twitter_misc":{"Dur\u00e9e de lecture estim\u00e9e":"3 minutes"},"schema":{"@context":"https:\/\/schema.org","@graph":[{"@type":"WebPage","@id":"https:\/\/skipass.alpedhuez.com\/ete\/offre-speciale-cse\/","url":"https:\/\/skipass.alpedhuez.com\/ete\/offre-speciale-cse\/","name":"Offre sp\u00e9ciale CSE - Alpe d&#039;Huez - Site Officiel - \u00c9t\u00e9","isPartOf":{"@id":"https:\/\/skipass.alpedhuez.com\/ete\/#website"},"primaryImageOfPage":{"@id":"https:\/\/skipass.alpedhuez.com\/ete\/offre-speciale-cse\/#primaryimage"},"image":{"@id":"https:\/\/skipass.alpedhuez.com\/ete\/offre-speciale-cse\/#primaryimage"},"thumbnailUrl":"https:\/\/skipass.alpedhuez.com\/ete\/wp-content\/uploads\/sites\/11\/2025\/05\/sommets-oisans.jpg","datePublished":"2025-07-03T12:03:17+00:00","dateModified":"2025-07-04T14:42:50+00:00","breadcrumb":{"@id":"https:\/\/skipass.alpedhuez.com\/ete\/offre-speciale-cse\/#breadcrumb"},"inLanguage":"fr-FR","potentialAction":[{"@type":"ReadAction","target":["https:\/\/skipass.alpedhuez.com\/ete\/offre-speciale-cse\/"]}]},{"@type":"ImageObject","inLanguage":"fr-FR","@id":"https:\/\/skipass.alpedhuez.com\/ete\/offre-speciale-cse\/#primaryimage","url":"https:\/\/skipass.alpedhuez.com\/ete\/wp-content\/uploads\/sites\/11\/2025\/05\/sommets-oisans.jpg","contentUrl":"https:\/\/skipass.alpedhuez.com\/ete\/wp-content\/uploads\/sites\/11\/2025\/05\/sommets-oisans.jpg","width":624,"height":416},{"@type":"BreadcrumbList","@id":"https:\/\/skipass.alpedhuez.com\/ete\/offre-speciale-cse\/#breadcrumb","itemListElement":[{"@type":"ListItem","position":1,"name":"Alpe d'Huez Grand Domaine","item":"https:\/\/skipass.alpedhuez.com\/ete\/"},{"@type":"ListItem","position":2,"name":"Offre sp\u00e9ciale CSE"}]},{"@type":"WebSite","@id":"https:\/\/skipass.alpedhuez.com\/ete\/#website","url":"https:\/\/skipass.alpedhuez.com\/ete\/","name":"Alpe d'Huez - Site Officiel - \u00c9t\u00e9","description":"Alpe d&#039;Huez - Site Officiel","publisher":{"@id":"https:\/\/skipass.alpedhuez.com\/ete\/#organization"},"potentialAction":[{"@type":"SearchAction","target":{"@type":"EntryPoint","urlTemplate":"https:\/\/skipass.alpedhuez.com\/ete\/?s={search_term_string}"},"query-input":{"@type":"PropertyValueSpecification","valueRequired":true,"valueName":"search_term_string"}}],"inLanguage":"fr-FR"},{"@type":"Organization","@id":"https:\/\/skipass.alpedhuez.com\/ete\/#organization","name":"Alpe d'Huez - Site Officiel - \u00c9t\u00e9","url":"https:\/\/skipass.alpedhuez.com\/ete\/","logo":{"@type":"ImageObject","inLanguage":"fr-FR","@id":"https:\/\/skipass.alpedhuez.com\/ete\/#\/schema\/logo\/image\/","url":"https:\/\/skipass.alpedhuez.com\/ete\/wp-content\/uploads\/sites\/11\/2021\/05\/logo-alpe-huez.png","contentUrl":"https:\/\/skipass.alpedhuez.com\/ete\/wp-content\/uploads\/sites\/11\/2021\/05\/logo-alpe-huez.png","width":365,"height":124,"caption":"Alpe d'Huez - Site Officiel - \u00c9t\u00e9"},"image":{"@id":"https:\/\/skipass.alpedhuez.com\/ete\/#\/schema\/logo\/image\/"},"sameAs":["https:\/\/www.facebook.com\/alpe.huez\/","https:\/\/x.com\/alpedhuez","https:\/\/www.instagram.com\/alpedhuez\/","https:\/\/www.youtube.com\/@ALPEDHUEZOfficiel\/"]}]}},"publishpress_future_action":{"enabled":false,"date":"2026-04-22 06:41:20","action":"change-status","newStatus":"draft","terms":[],"taxonomy":"language"},"publishpress_future_workflow_manual_trigger":{"enabledWorkflows":[]},"_links":{"self":[{"href":"https:\/\/skipass.alpedhuez.com\/ete\/wp-json\/wp\/v2\/pages\/16472","targetHints":{"allow":["GET"]}}],"collection":[{"href":"https:\/\/skipass.alpedhuez.com\/ete\/wp-json\/wp\/v2\/pages"}],"about":[{"href":"https:\/\/skipass.alpedhuez.com\/ete\/wp-json\/wp\/v2\/types\/page"}],"author":[{"embeddable":true,"href":"https:\/\/skipass.alpedhuez.com\/ete\/wp-json\/wp\/v2\/users\/2"}],"replies":[{"embeddable":true,"href":"https:\/\/skipass.alpedhuez.com\/ete\/wp-json\/wp\/v2\/comments?post=16472"}],"version-history":[{"count":10,"href":"https:\/\/skipass.alpedhuez.com\/ete\/wp-json\/wp\/v2\/pages\/16472\/revisions"}],"predecessor-version":[{"id":16509,"href":"https:\/\/skipass.alpedhuez.com\/ete\/wp-json\/wp\/v2\/pages\/16472\/revisions\/16509"}],"wp:attachment":[{"href":"https:\/\/skipass.alpedhuez.com\/ete\/wp-json\/wp\/v2\/media?parent=16472"}],"curies":[{"name":"wp","href":"https:\/\/api.w.org\/{rel}","templated":true}]}}