{"id":3910,"date":"2019-11-07T09:59:20","date_gmt":"2019-11-07T08:59:20","guid":{"rendered":"https:\/\/skipass.alpedhuez.com\/hiver\/?page_id=3910"},"modified":"2025-05-27T15:24:52","modified_gmt":"2025-05-27T13:24:52","slug":"online-sales-and-ski-resort-conditions-2","status":"publish","type":"page","link":"https:\/\/skipass.alpedhuez.com\/hiver\/en\/online-sales-and-ski-resort-conditions-2\/","title":{"rendered":"Online sales and ski resort conditions"},"content":{"rendered":"\t\t<div data-elementor-type=\"wp-page\" data-elementor-id=\"3910\" class=\"elementor elementor-3910\" data-elementor-post-type=\"page\">\n\t\t\t\t\t\t<section data-particle_enable=\"false\" data-particle-mobile-disabled=\"false\" class=\"elementor-section elementor-top-section elementor-element elementor-element-e3c72b1 elementor-section-boxed elementor-section-height-default elementor-section-height-default\" data-id=\"e3c72b1\" data-element_type=\"section\">\n\t\t\t\t\t\t<div class=\"elementor-container elementor-column-gap-default\">\n\t\t\t\t\t<div class=\"elementor-column elementor-col-100 elementor-top-column elementor-element elementor-element-68f1d51\" data-id=\"68f1d51\" data-element_type=\"column\">\n\t\t\t<div class=\"elementor-widget-wrap elementor-element-populated\">\n\t\t\t\t\t\t<div class=\"elementor-element elementor-element-372022a elementor-widget elementor-widget-heading\" data-id=\"372022a\" data-element_type=\"widget\" data-widget_type=\"heading.default\">\n\t\t\t\t<div class=\"elementor-widget-container\">\n\t\t\t\t\t<h2 class=\"elementor-heading-title elementor-size-default\">Online sales and ski resort conditions<\/h2>\t\t\t\t<\/div>\n\t\t\t\t<\/div>\n\t\t\t\t<div class=\"elementor-element elementor-element-2a61634 elementor-widget elementor-widget-heading\" data-id=\"2a61634\" data-element_type=\"widget\" data-widget_type=\"heading.default\">\n\t\t\t\t<div class=\"elementor-widget-container\">\n\t\t\t\t\t<h2 class=\"elementor-heading-title elementor-size-default\">Conditions g\u00e9n\u00e9rales de vente et d\u2019utilisation de forfaits de remont\u00e9es m\u00e9caniques<\/h2>\t\t\t\t<\/div>\n\t\t\t\t<\/div>\n\t\t\t\t<div class=\"elementor-element elementor-element-3cb78cf elementor-widget elementor-widget-eael-creative-button\" data-id=\"3cb78cf\" data-element_type=\"widget\" data-widget_type=\"eael-creative-button.default\">\n\t\t\t\t<div class=\"elementor-widget-container\">\n\t\t\t\t\t        <div class=\"eael-creative-button-wrapper\">\n\n            <a class=\"eael-creative-button eael-creative-button--default\" href=\"https:\/\/skipass.alpedhuez.com\/hiver\/wp-content\/uploads\/sites\/12\/2025\/05\/conditions_generales_vente_-et_utilisation_ete19_hiver19-20.pdf\" data-text=\"Go!\">\n            \t    \n                <div class=\"creative-button-inner\">\n\n                                            <span class=\"eael-creative-button-icon-left\"><i aria-hidden=\"true\" class=\"far fa-file-pdf\"><\/i><\/span>                    \n                    <span class=\"cretive-button-text\">N\u00b014-ENR-004 : Conditions g\u00e9n\u00e9rales VENTES et UTILISATION \u00c9T\u00c9 2019 + HIVER 2019-2020<\/span>\n\n                                    <\/div>\n\t                        <\/a>\n        <\/div>\n        \t\t\t\t<\/div>\n\t\t\t\t<\/div>\n\t\t\t\t<div class=\"elementor-element elementor-element-72f3a0c elementor-widget elementor-widget-heading\" data-id=\"72f3a0c\" data-element_type=\"widget\" data-widget_type=\"heading.default\">\n\t\t\t\t<div class=\"elementor-widget-container\">\n\t\t\t\t\t<h2 class=\"elementor-heading-title elementor-size-default\">Conditions particuli\u00e8res de vente \u00e0 distance de forfaits de remont\u00e9es m\u00e9caniques<\/h2>\t\t\t\t<\/div>\n\t\t\t\t<\/div>\n\t\t\t\t<div class=\"elementor-element elementor-element-6955a24 elementor-widget elementor-widget-eael-creative-button\" data-id=\"6955a24\" data-element_type=\"widget\" data-widget_type=\"eael-creative-button.default\">\n\t\t\t\t<div class=\"elementor-widget-container\">\n\t\t\t\t\t        <div class=\"eael-creative-button-wrapper\">\n\n            <a class=\"eael-creative-button eael-creative-button--default\" href=\"https:\/\/skipass.alpedhuez.com\/hiver\/wp-content\/uploads\/sites\/12\/2025\/05\/cgvdist_200_fr.pdf\" data-text=\"Go!\">\n            \t    \n                <div class=\"creative-button-inner\">\n\n                                            <span class=\"eael-creative-button-icon-left\"><i aria-hidden=\"true\" class=\"far fa-file-pdf\"><\/i><\/span>                    \n                    <span class=\"cretive-button-text\">N\u00b014-ENR-005 Conditions particuli\u00e8res de vente \u00e0 distance de forfaits de remont\u00e9es m\u00e9caniques S.A.T.A \u00c9T\u00c9 2020 + HIVER 2020-2021<\/span>\n\n                                    <\/div>\n\t                        <\/a>\n        <\/div>\n        \t\t\t\t<\/div>\n\t\t\t\t<\/div>\n\t\t\t\t<div class=\"elementor-element elementor-element-d48e059 elementor-widget elementor-widget-heading\" data-id=\"d48e059\" data-element_type=\"widget\" data-widget_type=\"heading.default\">\n\t\t\t\t<div class=\"elementor-widget-container\">\n\t\t\t\t\t<h2 class=\"elementor-heading-title elementor-size-default\">Conditions d\u2019acc\u00e8s aux remont\u00e9es m\u00e9caniques et aux pistes<\/h2>\t\t\t\t<\/div>\n\t\t\t\t<\/div>\n\t\t\t\t<div class=\"elementor-element elementor-element-bf1a580 elementor-widget elementor-widget-eael-creative-button\" data-id=\"bf1a580\" data-element_type=\"widget\" data-widget_type=\"eael-creative-button.default\">\n\t\t\t\t<div class=\"elementor-widget-container\">\n\t\t\t\t\t        <div class=\"eael-creative-button-wrapper\">\n\n            <a class=\"eael-creative-button eael-creative-button--default\" href=\"https:\/\/skipass.alpedhuez.com\/hiver\/wp-content\/uploads\/sites\/12\/2025\/05\/autorisation_acces_1920.pdf\" data-text=\"Go!\">\n            \t    \n                <div class=\"creative-button-inner\">\n\n                                            <span class=\"eael-creative-button-icon-left\"><i aria-hidden=\"true\" class=\"far fa-file-pdf\"><\/i><\/span>                    \n                    <span class=\"cretive-button-text\">Arr\u00eat\u00e9 municipal relatif \u00e0 la s\u00e9curit\u00e9 sur les pistes<\/span>\n\n                                    <\/div>\n\t                        <\/a>\n        <\/div>\n        \t\t\t\t<\/div>\n\t\t\t\t<\/div>\n\t\t\t\t<div class=\"elementor-element elementor-element-40f6640 elementor-widget elementor-widget-eael-creative-button\" data-id=\"40f6640\" data-element_type=\"widget\" data-widget_type=\"eael-creative-button.default\">\n\t\t\t\t<div class=\"elementor-widget-container\">\n\t\t\t\t\t        <div class=\"eael-creative-button-wrapper\">\n\n            <a class=\"eael-creative-button eael-creative-button--default\" href=\"https:\/\/skipass.alpedhuez.com\/hiver\/wp-content\/uploads\/sites\/12\/2025\/05\/rpg_isere.pdf\" data-text=\"Go!\">\n            \t    \n                <div class=\"creative-button-inner\">\n\n                                            <span class=\"eael-creative-button-icon-left\"><i aria-hidden=\"true\" class=\"far fa-file-pdf\"><\/i><\/span>                    \n                    <span class=\"cretive-button-text\">Conditions g\u00e9n\u00e9rales d\u2019acc\u00e8s aux remont\u00e9es m\u00e9caniques<\/span>\n\n                                    <\/div>\n\t                        <\/a>\n        <\/div>\n        \t\t\t\t<\/div>\n\t\t\t\t<\/div>\n\t\t\t\t<div class=\"elementor-element elementor-element-fec1572 elementor-widget elementor-widget-eael-creative-button\" data-id=\"fec1572\" data-element_type=\"widget\" data-widget_type=\"eael-creative-button.default\">\n\t\t\t\t<div class=\"elementor-widget-container\">\n\t\t\t\t\t        <div class=\"eael-creative-button-wrapper\">\n\n            <a class=\"eael-creative-button eael-creative-button--default\" href=\"https:\/\/skipass.alpedhuez.com\/hiver\/wp-content\/uploads\/sites\/12\/2025\/05\/conditions_generales_vente_-et_utilisation_ete19_hiver19-20.pdf\" data-text=\"Go!\">\n            \t    \n                <div class=\"creative-button-inner\">\n\n                                            <span class=\"eael-creative-button-icon-left\"><i aria-hidden=\"true\" class=\"far fa-file-pdf\"><\/i><\/span>                    \n                    <span class=\"cretive-button-text\">Conditions d\u2019autorisation d\u2019acc\u00e8s aux remont\u00e9es m\u00e9caniques<\/span>\n\n                                    <\/div>\n\t                        <\/a>\n        <\/div>\n        \t\t\t\t<\/div>\n\t\t\t\t<\/div>\n\t\t\t\t<div class=\"elementor-element elementor-element-d52c9cd elementor-widget elementor-widget-heading\" data-id=\"d52c9cd\" data-element_type=\"widget\" data-widget_type=\"heading.default\">\n\t\t\t\t<div class=\"elementor-widget-container\">\n\t\t\t\t\t<h2 class=\"elementor-heading-title elementor-size-default\">Conditions g\u00e9n\u00e9rales de l'Assur'Gliss<\/h2>\t\t\t\t<\/div>\n\t\t\t\t<\/div>\n\t\t\t\t<div class=\"elementor-element elementor-element-5460d98 elementor-widget elementor-widget-eael-creative-button\" data-id=\"5460d98\" data-element_type=\"widget\" data-widget_type=\"eael-creative-button.default\">\n\t\t\t\t<div class=\"elementor-widget-container\">\n\t\t\t\t\t        <div class=\"eael-creative-button-wrapper\">\n\n            <a class=\"eael-creative-button eael-creative-button--default\" href=\"https:\/\/skipass.alpedhuez.com\/hiver\/wp-content\/uploads\/sites\/12\/2025\/05\/version-finale-4616-assurglisse-generique.pdf\" data-text=\"Go!\">\n            \t    \n                <div class=\"creative-button-inner\">\n\n                                            <span class=\"eael-creative-button-icon-left\"><i aria-hidden=\"true\" class=\"far fa-file-pdf\"><\/i><\/span>                    \n                    <span class=\"cretive-button-text\">ASSUR'GLISSE GENERIQUE<\/span>\n\n                                    <\/div>\n\t                        <\/a>\n        <\/div>\n        \t\t\t\t<\/div>\n\t\t\t\t<\/div>\n\t\t\t\t<div class=\"elementor-element elementor-element-9c4a7c3 elementor-widget elementor-widget-eael-creative-button\" data-id=\"9c4a7c3\" data-element_type=\"widget\" data-widget_type=\"eael-creative-button.default\">\n\t\t\t\t<div class=\"elementor-widget-container\">\n\t\t\t\t\t        <div class=\"eael-creative-button-wrapper\">\n\n            <a class=\"eael-creative-button eael-creative-button--default\" href=\"https:\/\/skipass.alpedhuez.com\/hiver\/wp-content\/uploads\/sites\/12\/2025\/05\/din-orion-pdt-4616-assur-glisse-generique.pdf\" data-text=\"Go!\">\n            \t    \n                <div class=\"creative-button-inner\">\n\n                                            <span class=\"eael-creative-button-icon-left\"><i aria-hidden=\"true\" class=\"far fa-file-pdf\"><\/i><\/span>                    \n                    <span class=\"cretive-button-text\">DIN ASSUR'GLISSE GENERIQUE<\/span>\n\n                                    <\/div>\n\t                        <\/a>\n        <\/div>\n        \t\t\t\t<\/div>\n\t\t\t\t<\/div>\n\t\t\t\t<div class=\"elementor-element elementor-element-86efbe9 elementor-widget elementor-widget-eael-creative-button\" data-id=\"86efbe9\" data-element_type=\"widget\" data-widget_type=\"eael-creative-button.default\">\n\t\t\t\t<div class=\"elementor-widget-container\">\n\t\t\t\t\t        <div class=\"eael-creative-button-wrapper\">\n\n            <a class=\"eael-creative-button eael-creative-button--default\" href=\"https:\/\/skipass.alpedhuez.com\/hiver\/wp-content\/uploads\/sites\/12\/2025\/05\/version-finale-4600-assur-glisse-fond.pdf\" data-text=\"Go!\">\n            \t    \n                <div class=\"creative-button-inner\">\n\n                                            <span class=\"eael-creative-button-icon-left\"><i aria-hidden=\"true\" class=\"far fa-file-pdf\"><\/i><\/span>                    \n                    <span class=\"cretive-button-text\">DIN ASSUR'GLISSE GENERIQUE<\/span>\n\n                                    <\/div>\n\t                        <\/a>\n        <\/div>\n        \t\t\t\t<\/div>\n\t\t\t\t<\/div>\n\t\t\t\t<div class=\"elementor-element elementor-element-e73b8bf elementor-widget elementor-widget-eael-creative-button\" data-id=\"e73b8bf\" data-element_type=\"widget\" data-widget_type=\"eael-creative-button.default\">\n\t\t\t\t<div class=\"elementor-widget-container\">\n\t\t\t\t\t        <div class=\"eael-creative-button-wrapper\">\n\n            <a class=\"eael-creative-button eael-creative-button--default\" href=\"https:\/\/skipass.alpedhuez.com\/hiver\/wp-content\/uploads\/sites\/12\/2025\/05\/din-orion-pdt-4600-assur-glisse-fond.pdf\" data-text=\"Go!\">\n            \t    \n                <div class=\"creative-button-inner\">\n\n                                            <span class=\"eael-creative-button-icon-left\"><i aria-hidden=\"true\" class=\"far fa-file-pdf\"><\/i><\/span>                    \n                    <span class=\"cretive-button-text\">DIN ASSUR'GLISSE GENERIQUE<\/span>\n\n                                    <\/div>\n\t                        <\/a>\n        <\/div>\n        \t\t\t\t<\/div>\n\t\t\t\t<\/div>\n\t\t\t\t\t<\/div>\n\t\t<\/div>\n\t\t\t\t\t<\/div>\n\t\t<\/section>\n\t\t\t\t<\/div>\n\t\t","protected":false},"excerpt":{"rendered":"<p>Online sales and ski resort conditions Conditions g\u00e9n\u00e9rales de vente et d\u2019utilisation de forfaits de remont\u00e9es m\u00e9caniques N\u00b014-ENR-004 : Conditions g\u00e9n\u00e9rales VENTES et UTILISATION \u00c9T\u00c9 2019 + HIVER 2019-2020 Conditions particuli\u00e8res de vente \u00e0 distance de forfaits de remont\u00e9es m\u00e9caniques N\u00b014-ENR-005 Conditions particuli\u00e8res de vente \u00e0 distance de forfaits de remont\u00e9es m\u00e9caniques S.A.T.A \u00c9T\u00c9 2020 [&hellip;]<\/p>\n","protected":false},"author":2,"featured_media":0,"parent":0,"menu_order":0,"comment_status":"closed","ping_status":"closed","template":"","meta":{"footnotes":"","_links_to":"","_links_to_target":""},"class_list":["post-3910","page","type-page","status-publish","hentry"],"yoast_head":"<!-- This site is optimized with the Yoast SEO plugin v25.2 - https:\/\/yoast.com\/wordpress\/plugins\/seo\/ -->\n<title>Online sales and ski resort conditions - Alpe d&#039;Huez - Site Officiel - Hiver<\/title>\n<meta name=\"robots\" content=\"index, follow, max-snippet:-1, max-image-preview:large, max-video-preview:-1\" \/>\n<link rel=\"canonical\" href=\"https:\/\/skipass.alpedhuez.com\/hiver\/en\/online-sales-and-ski-resort-conditions-2\/\" \/>\n<meta property=\"og:locale\" content=\"fr_FR\" \/>\n<meta property=\"og:type\" content=\"article\" \/>\n<meta property=\"og:title\" content=\"Online sales and ski resort conditions - Alpe d&#039;Huez - Site Officiel - Hiver\" \/>\n<meta property=\"og:description\" content=\"Online sales and ski resort conditions Conditions g\u00e9n\u00e9rales de vente et d\u2019utilisation de forfaits de remont\u00e9es m\u00e9caniques N\u00b014-ENR-004 : Conditions g\u00e9n\u00e9rales VENTES et UTILISATION \u00c9T\u00c9 2019 + HIVER 2019-2020 Conditions particuli\u00e8res de vente \u00e0 distance de forfaits de remont\u00e9es m\u00e9caniques N\u00b014-ENR-005 Conditions particuli\u00e8res de vente \u00e0 distance de forfaits de remont\u00e9es m\u00e9caniques S.A.T.A \u00c9T\u00c9 2020 [&hellip;]\" \/>\n<meta property=\"og:url\" content=\"https:\/\/skipass.alpedhuez.com\/hiver\/en\/online-sales-and-ski-resort-conditions-2\/\" \/>\n<meta property=\"og:site_name\" content=\"Alpe d&#039;Huez - Site Officiel - Hiver\" \/>\n<meta property=\"article:publisher\" content=\"https:\/\/www.facebook.com\/alpe.huez\/\" \/>\n<meta property=\"article:modified_time\" content=\"2025-05-27T13:24:52+00:00\" \/>\n<meta property=\"og:image\" content=\"https:\/\/skipass.alpedhuez.com\/hiver\/wp-content\/uploads\/sites\/12\/2021\/04\/alpehuez.png\" \/>\n\t<meta property=\"og:image:width\" content=\"80\" \/>\n\t<meta property=\"og:image:height\" content=\"80\" \/>\n\t<meta property=\"og:image:type\" content=\"image\/png\" \/>\n<meta name=\"twitter:card\" content=\"summary_large_image\" \/>\n<meta name=\"twitter:site\" content=\"@alpedhuez\" \/>\n<meta name=\"twitter:label1\" content=\"Dur\u00e9e de lecture estim\u00e9e\" \/>\n\t<meta name=\"twitter:data1\" content=\"1 minute\" \/>\n<script type=\"application\/ld+json\" class=\"yoast-schema-graph\">{\"@context\":\"https:\/\/schema.org\",\"@graph\":[{\"@type\":\"WebPage\",\"@id\":\"https:\/\/skipass.alpedhuez.com\/hiver\/en\/online-sales-and-ski-resort-conditions-2\/\",\"url\":\"https:\/\/skipass.alpedhuez.com\/hiver\/en\/online-sales-and-ski-resort-conditions-2\/\",\"name\":\"Online sales and ski resort conditions - Alpe d&#039;Huez - Site Officiel - Hiver\",\"isPartOf\":{\"@id\":\"https:\/\/skipass.alpedhuez.com\/hiver\/#website\"},\"datePublished\":\"2019-11-07T08:59:20+00:00\",\"dateModified\":\"2025-05-27T13:24:52+00:00\",\"breadcrumb\":{\"@id\":\"https:\/\/skipass.alpedhuez.com\/hiver\/en\/online-sales-and-ski-resort-conditions-2\/#breadcrumb\"},\"inLanguage\":\"fr-FR\",\"potentialAction\":[{\"@type\":\"ReadAction\",\"target\":[\"https:\/\/skipass.alpedhuez.com\/hiver\/en\/online-sales-and-ski-resort-conditions-2\/\"]}]},{\"@type\":\"BreadcrumbList\",\"@id\":\"https:\/\/skipass.alpedhuez.com\/hiver\/en\/online-sales-and-ski-resort-conditions-2\/#breadcrumb\",\"itemListElement\":[{\"@type\":\"ListItem\",\"position\":1,\"name\":\"Alpe d'Huez Domaine Skiable\",\"item\":\"https:\/\/skipass.alpedhuez.com\/hiver\/\"},{\"@type\":\"ListItem\",\"position\":2,\"name\":\"Online sales and ski resort conditions\"}]},{\"@type\":\"WebSite\",\"@id\":\"https:\/\/skipass.alpedhuez.com\/hiver\/#website\",\"url\":\"https:\/\/skipass.alpedhuez.com\/hiver\/\",\"name\":\"Alpe d'Huez - Site Officiel - Hiver\",\"description\":\"Alpe d&#039;Huez - Site Officiel\",\"publisher\":{\"@id\":\"https:\/\/skipass.alpedhuez.com\/hiver\/#organization\"},\"potentialAction\":[{\"@type\":\"SearchAction\",\"target\":{\"@type\":\"EntryPoint\",\"urlTemplate\":\"https:\/\/skipass.alpedhuez.com\/hiver\/?s={search_term_string}\"},\"query-input\":{\"@type\":\"PropertyValueSpecification\",\"valueRequired\":true,\"valueName\":\"search_term_string\"}}],\"inLanguage\":\"fr-FR\"},{\"@type\":\"Organization\",\"@id\":\"https:\/\/skipass.alpedhuez.com\/hiver\/#organization\",\"name\":\"Alpe d'Huez - Site Officiel - Hiver\",\"url\":\"https:\/\/skipass.alpedhuez.com\/hiver\/\",\"logo\":{\"@type\":\"ImageObject\",\"inLanguage\":\"fr-FR\",\"@id\":\"https:\/\/skipass.alpedhuez.com\/hiver\/#\/schema\/logo\/image\/\",\"url\":\"https:\/\/skipass.alpedhuez.com\/hiver\/wp-content\/uploads\/sites\/12\/2021\/02\/logoalpedhuezdomaineskiable.svg\",\"contentUrl\":\"https:\/\/skipass.alpedhuez.com\/hiver\/wp-content\/uploads\/sites\/12\/2021\/02\/logoalpedhuezdomaineskiable.svg\",\"width\":1,\"height\":1,\"caption\":\"Alpe d'Huez - Site Officiel - Hiver\"},\"image\":{\"@id\":\"https:\/\/skipass.alpedhuez.com\/hiver\/#\/schema\/logo\/image\/\"},\"sameAs\":[\"https:\/\/www.facebook.com\/alpe.huez\/\",\"https:\/\/x.com\/alpedhuez\",\"https:\/\/www.instagram.com\/alpedhuez\/\",\"https:\/\/www.youtube.com\/@ALPEDHUEZOfficiel\/\"]}]}<\/script>\n<!-- \/ Yoast SEO plugin. -->","yoast_head_json":{"title":"Online sales and ski resort conditions - Alpe d&#039;Huez - Site Officiel - Hiver","robots":{"index":"index","follow":"follow","max-snippet":"max-snippet:-1","max-image-preview":"max-image-preview:large","max-video-preview":"max-video-preview:-1"},"canonical":"https:\/\/skipass.alpedhuez.com\/hiver\/en\/online-sales-and-ski-resort-conditions-2\/","og_locale":"fr_FR","og_type":"article","og_title":"Online sales and ski resort conditions - Alpe d&#039;Huez - Site Officiel - Hiver","og_description":"Online sales and ski resort conditions Conditions g\u00e9n\u00e9rales de vente et d\u2019utilisation de forfaits de remont\u00e9es m\u00e9caniques N\u00b014-ENR-004 : Conditions g\u00e9n\u00e9rales VENTES et UTILISATION \u00c9T\u00c9 2019 + HIVER 2019-2020 Conditions particuli\u00e8res de vente \u00e0 distance de forfaits de remont\u00e9es m\u00e9caniques N\u00b014-ENR-005 Conditions particuli\u00e8res de vente \u00e0 distance de forfaits de remont\u00e9es m\u00e9caniques S.A.T.A \u00c9T\u00c9 2020 [&hellip;]","og_url":"https:\/\/skipass.alpedhuez.com\/hiver\/en\/online-sales-and-ski-resort-conditions-2\/","og_site_name":"Alpe d&#039;Huez - Site Officiel - Hiver","article_publisher":"https:\/\/www.facebook.com\/alpe.huez\/","article_modified_time":"2025-05-27T13:24:52+00:00","og_image":[{"width":80,"height":80,"url":"https:\/\/skipass.alpedhuez.com\/hiver\/wp-content\/uploads\/sites\/12\/2021\/04\/alpehuez.png","type":"image\/png"}],"twitter_card":"summary_large_image","twitter_site":"@alpedhuez","twitter_misc":{"Dur\u00e9e de lecture estim\u00e9e":"1 minute"},"schema":{"@context":"https:\/\/schema.org","@graph":[{"@type":"WebPage","@id":"https:\/\/skipass.alpedhuez.com\/hiver\/en\/online-sales-and-ski-resort-conditions-2\/","url":"https:\/\/skipass.alpedhuez.com\/hiver\/en\/online-sales-and-ski-resort-conditions-2\/","name":"Online sales and ski resort conditions - Alpe d&#039;Huez - Site Officiel - Hiver","isPartOf":{"@id":"https:\/\/skipass.alpedhuez.com\/hiver\/#website"},"datePublished":"2019-11-07T08:59:20+00:00","dateModified":"2025-05-27T13:24:52+00:00","breadcrumb":{"@id":"https:\/\/skipass.alpedhuez.com\/hiver\/en\/online-sales-and-ski-resort-conditions-2\/#breadcrumb"},"inLanguage":"fr-FR","potentialAction":[{"@type":"ReadAction","target":["https:\/\/skipass.alpedhuez.com\/hiver\/en\/online-sales-and-ski-resort-conditions-2\/"]}]},{"@type":"BreadcrumbList","@id":"https:\/\/skipass.alpedhuez.com\/hiver\/en\/online-sales-and-ski-resort-conditions-2\/#breadcrumb","itemListElement":[{"@type":"ListItem","position":1,"name":"Alpe d'Huez Domaine Skiable","item":"https:\/\/skipass.alpedhuez.com\/hiver\/"},{"@type":"ListItem","position":2,"name":"Online sales and ski resort conditions"}]},{"@type":"WebSite","@id":"https:\/\/skipass.alpedhuez.com\/hiver\/#website","url":"https:\/\/skipass.alpedhuez.com\/hiver\/","name":"Alpe d'Huez - Site Officiel - Hiver","description":"Alpe d&#039;Huez - Site Officiel","publisher":{"@id":"https:\/\/skipass.alpedhuez.com\/hiver\/#organization"},"potentialAction":[{"@type":"SearchAction","target":{"@type":"EntryPoint","urlTemplate":"https:\/\/skipass.alpedhuez.com\/hiver\/?s={search_term_string}"},"query-input":{"@type":"PropertyValueSpecification","valueRequired":true,"valueName":"search_term_string"}}],"inLanguage":"fr-FR"},{"@type":"Organization","@id":"https:\/\/skipass.alpedhuez.com\/hiver\/#organization","name":"Alpe d'Huez - Site Officiel - Hiver","url":"https:\/\/skipass.alpedhuez.com\/hiver\/","logo":{"@type":"ImageObject","inLanguage":"fr-FR","@id":"https:\/\/skipass.alpedhuez.com\/hiver\/#\/schema\/logo\/image\/","url":"https:\/\/skipass.alpedhuez.com\/hiver\/wp-content\/uploads\/sites\/12\/2021\/02\/logoalpedhuezdomaineskiable.svg","contentUrl":"https:\/\/skipass.alpedhuez.com\/hiver\/wp-content\/uploads\/sites\/12\/2021\/02\/logoalpedhuezdomaineskiable.svg","width":1,"height":1,"caption":"Alpe d'Huez - Site Officiel - Hiver"},"image":{"@id":"https:\/\/skipass.alpedhuez.com\/hiver\/#\/schema\/logo\/image\/"},"sameAs":["https:\/\/www.facebook.com\/alpe.huez\/","https:\/\/x.com\/alpedhuez","https:\/\/www.instagram.com\/alpedhuez\/","https:\/\/www.youtube.com\/@ALPEDHUEZOfficiel\/"]}]}},"publishpress_future_action":{"enabled":false,"date":"2026-04-21 23:05:46","action":"category-add","newStatus":"draft","terms":[],"taxonomy":"language"},"publishpress_future_workflow_manual_trigger":{"enabledWorkflows":[]},"_links":{"self":[{"href":"https:\/\/skipass.alpedhuez.com\/hiver\/wp-json\/wp\/v2\/pages\/3910","targetHints":{"allow":["GET"]}}],"collection":[{"href":"https:\/\/skipass.alpedhuez.com\/hiver\/wp-json\/wp\/v2\/pages"}],"about":[{"href":"https:\/\/skipass.alpedhuez.com\/hiver\/wp-json\/wp\/v2\/types\/page"}],"author":[{"embeddable":true,"href":"https:\/\/skipass.alpedhuez.com\/hiver\/wp-json\/wp\/v2\/users\/2"}],"replies":[{"embeddable":true,"href":"https:\/\/skipass.alpedhuez.com\/hiver\/wp-json\/wp\/v2\/comments?post=3910"}],"version-history":[{"count":19,"href":"https:\/\/skipass.alpedhuez.com\/hiver\/wp-json\/wp\/v2\/pages\/3910\/revisions"}],"predecessor-version":[{"id":42420,"href":"https:\/\/skipass.alpedhuez.com\/hiver\/wp-json\/wp\/v2\/pages\/3910\/revisions\/42420"}],"wp:attachment":[{"href":"https:\/\/skipass.alpedhuez.com\/hiver\/wp-json\/wp\/v2\/media?parent=3910"}],"curies":[{"name":"wp","href":"https:\/\/api.w.org\/{rel}","templated":true}]}}